*2 + 0*o + 7/6*o**3 + 0 - 1/60*o**5. Calculate u(7).
-35
Let b(v) be the first derivative of -v**3/6 + 3*v**2/2 + 56*v - 89. Let f(j) be the first derivative of b(j). What is f(6)?
-3
Let v(p) = 25*p**2 - 13*p + 57. Let d(j) = -19*j**2 + 14*j - 59. Let k(c) = 4*d(c) + 3*v(c). Determine k(7).
5
Let j(l) = 184*l + 28. Let f(y) = 10*y - 2. Let c(s) = -18*f(s) + j(s). Calculate c(-23).
-28
Let x(a) = -a**3 - 4*a**2 + 2*a - 1. Let d(g) be the third derivative of -g**5/60 + 7*g**4/4 + 19*g**3/3 + 13*g**2 + 1. Let b be d(43). Determine x(b).
14
Let k = 248 - 247. Let h(y) = -30*y**3 - 7*y**2 + y - 5. Let f(v) = -v**2 - 1. Let q(m) = -5*f(m) + h(m). Calculate q(k).
-31
Let r(s) = 22*s + 3 - 58*s + 20*s - 2 + 19*s. Let c = 1 + -2. Determine r(c).
-2
Suppose -5*x + 170 = -5*d, 1 = -3*d - 5. Let z be (x/(-6) - -5)*(-5 - -2). Let q(f) = -8*f**3 + 2*f**2 - 1. Calculate q(z).
-7
Let y(i) be the second derivative of i**5/20 - 11*i**4/12 - 13*i**3/3 - 7*i**2 + i + 221. Calculate y(13).
-14
Let h(d) be the first derivative of -d**3/3 + 17*d**2/2 - 34*d - 5356. Give h(11).
32
Let m = -488 + 502. Let h(j) = m - 38 + 11 + j**3 + 6*j + 6*j**2 - j + 7. What is h(-5)?
-6
Let f be 1/((-1005)/(-251) + (-5 - -1)). Let k = 243 - f. Let g(u) be the first derivative of -u**4/4 - 8*u**3/3 - u**2/2 - 7*u - 2. Determine g(k).
1
Let g(w) = w**3 + 8*w**2 + 2*w + 10. Suppose -12*k = l - 17*k - 18, -5*l + 3*k = 20. Calculate g(l).
45
Let u(g) = -2*g + 1. Let d(m) = -m**3 - 6*m**2 - 1. Let f be ((-6)/10)/(9/90). Let r be d(f). What is u(r)?
3
Let i(t) = 12*t**3 - 13*t**2 - 51*t - 9. Let m(g) = -4*g**3 + 4*g**2 + 16*g + 3. Let f(z) = 4*i(z) + 13*m(z). What is f(-1)?
3
Suppose 6*m - m + 39 = x, -2*m - 66 = -4*x. Let v(s) = -s**2 + 17*s + 7. Calculate v(x).
49
Let y(c) be the first derivative of -c**4 + 28*c**3/3 + 9*c**2 - 10*c - 71. Let r(o) = -o**3 + 9*o**2 + 6*o - 4. Let d(v) = -7*r(v) + 2*y(v). Determine d(-6).
8
Let u(b) = -b**3 + 5*b**2 - 2*b + 6. Suppose 0 = -2*q - 2, -4*q + 12 = 4*k. Suppose k*y = 9*y - 15. Let t be y - (-4)/(2 + 0). Calculate u(t).
-4
Let z(m) be the first derivative of 37*m**4/4 + m**3/3 + m**2/2 - m - 2047. Give z(1).
38
Let k(p) be the second derivative of -15 - 2*p - 3*p**2 - 1/12*p**4 - 1/6*p**3. Give k(-5).
-26
Let o be -4 - 1/(-2)*-4. Let i be (-4 + 4 + -1)*-8. Let r(v) = -i + 9*v + v**2 - 5*v - v. Give r(o).
10
Let p be (-12)/8*(3 + (-4 - -3)). Let v be ((-5)/6 + p/(-9))*-2. Let r(b) = 41*b - 2 - 43*b - v. Determine r(3).
-9
Let d(f) = 5*f**2 + 17*f + 16. Let u(w) = -2*w**2 + 2*w - 5. Let c(n) = d(n) + 3*u(n). Give c(17).
103
Let c be (-11 + 450/40)*68. Let q(o) = -o**2 + 12*o + 54. Determine q(c).
-31
Let h(y) = 29*y**3 + 5*y**2 + 5*y - 15. Let p(r) = -32*r**3 - 6*r**2 - 6*r + 15. Let c(u) = -11*h(u) - 10*p(u). Calculate c(-6).
-51
Let u(n) = n**3 + n**2 - n - 1. Let v be 0/(3/(-3)*1). Suppose 0 = s + 5*f - 69, s - 212 = -3*s - 4*f. Suppose -48*z + s*z = v. Determine u(z).
-1
Let s(w) = -w**3 - 4 - 3*w + 3*w**2 + 0*w**2 + 7*w. Let n(d) be the first derivative of d**3/3 - 14*d**2 + 4*d - 19. Let m be n(28). Give s(m).
-4
Let f(t) = -2*t**2 - 319*t - 371*t + 5 + 974*t - 310*t. Give f(-5).
85
Let v(q) = q**2 + q. Let x(p) = 3*p**2 + 4*p + 3. Let h(k) = -4*v(k) + x(k). Let f be (-1 - 1 - 8) + 7. Calculate h(f).
-6
Let q = 4859 - 4862. Let o(x) = -x**3 - x**2 + 2. Calculate o(q).
20
Let l(p) = -2*p**2 - 13*p + 219. Let c be l(7). Let b(o) = o - 43. Give b(c).
-13
Let l(o) = o. Suppose 0 = 4*p + 12, g + 2*p + 22 = 5*g. Let w(d) = -4*d + 2*d + g - 2. Let m(n) = 2*l(n) + 2*w(n). What is m(3)?
-2
Let r = 540 - 527. Suppose 0 = -3*d - 3*x - 75, r*d + 95 = 9*d - 3*x. Let g(b) = b**2 + 19*b - 11. Determine g(d).
9
Let u(b) = b**2 - 3*b - 1. Suppose -11*o + 5 = -10*o. Suppose 2*s - o*g + 3 = 6*s, 5*g - 1 = -3*s. Suppose s + 3 = f. What is u(f)?
9
Let y = -14 - -46. Let g = y - 32. Suppose -5*b + 4*r - 2*r + 14 = g, b = -r. Let u(j) = -j**2. Give u(b).
-4
Suppose 0 = -36*x + 6*x + 12*x + 18. Let b(j) = 6*j**3 - 2*j**2 + 2*j - 1. Determine b(x).
5
Let z = 4587 + -4584. Let d(u) be the third derivative of -u**5/60 + u**4/12 - u**3/6 - 2*u**2. Calculate d(z).
-4
Let m(p) be the third derivative of -p**4/24 - 11*p**3/6 + 13*p**2. Suppose 7*a = 206 + 102. Suppose 0 = -7*h - a + 2. What is m(h)?
-5
Suppose 7*w = -2*w + 18. Let t(y) = 36*y + 36*y + y**3 + 39*y - 3 - 115*y - y**w. Give t(-2).
-7
Let w(v) = -3*v**3 + v**2 + v**3 + 7*v**2 + 3*v**3 + 7*v. Let k be w(-7). Let c(q) = -3 + k*q - q**3 + 7*q + 8 - 5*q**2 - q. Calculate c(-6).
5
Let v(x) = -3*x**2 - 128*x - 88. Let q be ((-497)/(-35) - 10)*-10. What is v(q)?
-4
Let y(q) = 9*q - 191 + 16*q - 27*q + 201 + q**2. Give y(-6).
58
Let s(b) = 4*b + 42*b**2 - 11*b - 35*b**2 + 3*b**3 + 4 - 2*b**3 + 3*b. What is s(-8)?
-28
Suppose 5*u = 3*o - 102, -5*o = -3*u - 131 + 57. Let s(w) = 2*w**2 + 36*w + 5. What is s(u)?
5
Let m(f) be the first derivative of 17*f**2/2 - 3*f + 117. Let v(g) = 14*g - 2. Let l(h) = -5*m(h) + 6*v(h). Determine l(2).
1
Suppose 21*m + 350 = -14*m. Let v(p) = -2*p - 11. What is v(m)?
9
Let c(d) = -53 + 93*d - 189*d + 90*d + 19. What is c(-4)?
-10
Let o(b) = 8*b**2 + 6*b + 22. Let k be o(-3). Let h = 83 - k. Let y(f) = 17*f**2 - 13*f**2 - 1 + 3 + f**3 - h*f. Determine y(-5).
12
Let x(g) = -6*g + 0 + 2 + 0 - 4*g. Suppose 2 = -2*z + t + 1, 0 = 2*z - 4*t + 4. Let u(h) = -h**3 - h**2 + 2*h + 2. Let p be u(z). Give x(p).
-18
Let w(o) = -o + 4. Suppose 3*d - 6*d - 42 = 0. Let i be (-60)/210 - (-66)/d. Calculate w(i).
9
Let s(p) = p**2 - 8*p - 5. Let h be -2*2/(-8)*(-2 + -6). Let b be 345/h + 5/(100/5). Let x = 90 + b. Determine s(x).
-21
Suppose 24*p - 45 = 19*p. Suppose 4*q - 3 = p. Let j(h) = -1 + 0*h - 6*h - 4*h**2 + q*h - 5*h**3 + 6*h**3. Give j(5).
9
Let d be ((-115)/207)/(1/(-18)). Let s(a) = 5*a**2 - 48*a - 22. Calculate s(d).
-2
Let c(u) = u - 3. Let t be c(4). Suppose -16 = -2*j + 3*o + o, -2*j + o + t = 0. Let z(h) = 0 + h - 4 - 5 - 7 - 7 + 25. Calculate z(j).
0
Suppose -34*u - 170 = -17*u. Let q(w) = -w**2 - 15*w - 56. Calculate q(u).
-6
Let r(d) = 5*d + 1. Let x(n) = -n**3 + 17*n**2 - 36*n + 29. Let f be x(14). Suppose -119*s + f*s = 6. Determine r(s).
-4
Let c(p) be the second derivative of 2*p**3/3 + p**2/2 - p. Suppose 5*b - 30 = 2*z - 31, 13 = b + 4*z. Determine c(b).
5
Let y = 63 + -32. Let a(o) = -y + 7*o + 9 - 4*o - 4*o. Suppose 32 = -19*m + 32 - 209. Determine a(m).
-11
Let l(f) = 7*f**2 - f. Let h(y) = 21*y**2 - 2*y - 1. Let a(z) = h(z) - 2*l(z). Give a(-1).
6
Suppose -3*k = -2*l + 6, l = -4*k + 3 + 11. Let j be l/(-4)*(-56)/(-21). Let w(s) be the second derivative of 2*s**3/3 - 3*s**2/2 + 8*s. Determine w(j).
-19
Suppose -12 = 2*p + 2*f, -5*p + 4 - 28 = -f. Let u(a) = a**2 - 1 + 4*a + 2 + 0. Calculate u(p).
6
Let l(r) be the first derivative of 3*r**2 - 7*r - 238. What is l(-11)?
-73
Let s(k) be the first derivative of -5*k**4/8 + k**3/6 + 5*k**2/2 - 8*k - 102. Let a(d) be the second derivative of s(d). Determine a(-1).
16
Suppose 0 = -3*n - 2*o - 38, 3*o = n + 4*o + 11. Let c(r) = -r**3 - 17*r**2 - 13*r + 47. Calculate c(n).
-1
Let q(f) be the first derivative of 2*f + 1/2*f**2 - 97. Calculate q(-8).
-6
Let u be (176/16 - 15)*2*-1. Let o(n) = -n**2 - 10. What is o(u)?
-74
Let l = 35622 + -35619. Let h(z) be the first derivative of -6*z - 7/2*z**2 + 1/3*z**l - 11. Determine h(7).
-6
Let x(b) = -5*b**3 + 5*b**2 + 6*b + 9. Let s(d) = -6*d**3 + 5*d**2 + 6*d + 10. Let m = 226 + -233. Let v(u) = m*x(u) + 6*s(u). Determine v(-4).
5
Let c = 14182 - 14180. Let y(t) = -15*t + 37. Determine y(c).
7
Let t(g) = g**2 - 12*g - 17. Suppose -376 - 54 = -43*s. Suppose -s = 5*d, 5*j - d = j + 54. What is t(j)?
-4
Suppose -83*i + 58 = 56*i - 81. Let j(t) = -91*t**3 + 2*t**2 - t. What is j(i)?
-90
Let p(r) = -r**2 - 6*r + 3. Let f be p(-6). Let l(a) be the first derivative of 4*a - 3/2*a**2 + a**3 - 95. Calculate l(f).
22
Let l(r) be the first derivative of r**2/2 - 6*r + 4. Let d(k) = -k + 29. Let x be d(22). Let c = x + 1. Determine l(c).
2
Let w(k) = -2*k**3 - 2*k**2 - 3*k + 4. Suppose 87 = -d + f + 80, 0 = -2*d + 3*f - 18. Calculate w(d).
49
Let c = -2687 + 2693. Let j(z) = -4*z + 2. Give j(c).
-22
Let s(m) be the second derivative of -m**4/4 + m**3/2 - m**2 + 2*m + 35. Let g = 70 + -67. Determine 